e -1*((-5)/15 - y/(-6)). Is 3/(-12) - ((-1786)/8 + j) a composite number?
False
Let u(x) = x**3 + 20*x**2 - 42*x + 25. Let j(p) = 45*p + 68. Let q(l) = -11*l - 17. Let o(f) = -4*j(f) - 18*q(f). Let z be o(-3). Is u(z) composite?
True
Suppose -4*p + 23 = -4*j - 5, 4*p - 22 = j. Suppose -n + 9300 = 3*n. Suppose p*v = 20*v - n. Is v a prime number?
False
Suppose 21 - 69 = 6*l. Is 5 + 40/l + 5039 prime?
True
Let h be (-14 - -11)*(-2)/6*4. Suppose 2*d = -0*j - h*j + 26, -3*d + 48 = 3*j. Let r(m) = m**2 - 4*m + 10. Is r(d) prime?
False
Suppose h - 69113 = 5*t, -175579 = -4*h + 5*t + 100963. Is h composite?
False
Suppose 0 = -5*y + m - 77, -39*y + 2*m - 49 = -36*y. Is (-6 - 102/y)/((-12)/(-126330)) composite?
True
Let v(q) = q**3 + 47*q**2 - 42*q - 100. Suppose 4*t + 76 + 107 = -i, 104 = -2*t + 2*i. Is v(t) prime?
False
Suppose 62*c - 4*l = 61*c + 136758, -5*l = 5*c - 683915. Is c a composite number?
True
Let q = 581 - 574. Suppose -7*x - q*x + 138334 = 0. Is x composite?
True
Let d = -24 - -180. Suppose 3*r - d = 6*r. Is (-1)/4 - 41145/r composite?
True
Suppose 0 = 3*p + 3*o - 7*o + 40653, -2*o = 0. Let q = 21992 - p. Is q prime?
True
Let s(q) = 2*q - 14*q - 4820 - 2*q**3 + 10*q**2 + 4891. Is s(-12) composite?
True
Suppose 5*f + 28 = 2*u, -f - 2 = -5*u + 22. Suppose y - 4 = 0, -y - 29279 = -u*v + 59633. Is v a prime number?
True
Let g be -2*(4 + -3) - 13. Let v be 9/(-6)*6400/g - 2. Suppose -9*b - v = -11*b. Is b a composite number?
True
Let j(z) = 51843*z - 2471. Is j(10) a prime number?
False
Suppose 556*t - 12533502 - 9314034 - 8293780 = 0. Is t a composite number?
True
Suppose -1033 = -4*i - 189. Let z = i - -105. Suppose 3*j - z = 110. Is j a prime number?
False
Let r(o) = -13*o**2 + 7*o - 7. Let k be r(2). Is k/72*-4*26 composite?
True
Suppose -21*u = -102933 - 399156. Let i = -13264 + u. Is i a prime number?
False
Let v(a) = 425*a + 59. Let g(y) = -849*y - 120. Let n(s) = -3*g(s) - 7*v(s). Is n(-2) a composite number?
True
Let q(t) = 3*t**2 - 7*t - 4. Let r(v) = -v + 2. Let n(p) = -q(p) + 3*r(p). Let c be n(-2). Is 2151/7 + 1*c/35 a prime number?
True
Let x = -4 + 4. Suppose 4*y = 4*h + 396, 0 = -x*h + 5*h - 4*y + 495. Let b = h + 798. Is b composite?
True
Let l(j) = 13*j**2 - 16*j + 5. Let n = 5 - -3. Let a be l(n). Suppose -10502 = -7*h - a. Is h composite?
False
Suppose -4*q = -4, 2*j - 46178 = -644*q + 640*q. Is j prime?
True
Let x(c) = -177*c - 22. Let k(j) be the second derivative of -177*j**3/2 - 33*j**2 - 8*j. Let h(r) = -6*k(r) + 17*x(r). Is h(5) a composite number?
False
Suppose 132*y - 130063 = 131*y + 2*t, 4*t = -2*y + 260078. Is y composite?
False
Let s = 536140 + -245021. Is s composite?
True
Suppose 0 = -2*w - 316 + 946. Let v = -23 + 775. Let o = w + v. Is o prime?
False
Let r(z) = 20*z**2. Let h be r(1). Suppose -5*i - h = 0, i - 4*i + 42018 = 3*v. Suppose -12*d - 1902 + v = 0. Is d a composite number?
False
Let b(z) = -2944*z - 3. Let t be b(-5). Let n = -6060 + t. Is n prime?
False
Suppose 496 = -2*a + 2*j - 106, a + 5*j + 319 = 0. Let t = 771 + a. Is t a prime number?
True
Let y = 688 - -78. Suppose 2*j - 25 = -3*j + v, -5 = v. Suppose h - 5*f - y = 0, -f = j*h - 3211 + 147. Is h a prime number?
False
Let g = 426857 - 146616. Is g a prime number?
False
Suppose -24*l + 13*l = -60621. Suppose 0 = 3*v - 5*c - 4571, 4*c - l - 541 = -4*v. Is v prime?
False
Suppose 7*n - 529 = 3125. Let y = 225 - n. Let l = y - -1136. Is l prime?
True
Suppose 2*r = 6, 4*z - 13675 = 2*z - 3*r. Is z composite?
False
Let z = -208 + 211. Suppose -s = -0*s - z, 0 = -3*x + 2*s + 19635. Is x a prime number?
True
Suppose 0 = 3*o + t - 144749, 2*o + o = 5*t + 144719. Suppose 0 = 3*s + a - o, 33*s = 29*s + 5*a + 64299. Is s composite?
True
Let d be 310/15 + (-2)/3. Let w = d + -20. Suppose w = 3*k - 2146 + 244. Is k prime?
False
Suppose 214*b - 210*b + 664926 = 2*u, 3*u = -5*b + 997378. Is u a composite number?
False
Let y be (-205)/(-123) - (-802)/(-6). Is y/(-8)*174/9 a composite number?
True
Let s(x) = 2*x - 33. Suppose 3*i - 4*r - 17 = 2*i, -3*r - 6 = 0. Let q be s(i). Is 5930/4 - (q/(-6) - 1) prime?
True
Suppose -2*g + 562 = h, g + g = 2*h + 574. Suppose 0 = -6*z - g - 1253. Let p = -138 - z. Is p prime?
False
Is (-5)/(-20) - 1258390/(-8) composite?
True
Suppose d - 4 = 3*x - 6, -5*d + 12 = -4*x. Suppose -11276 = -x*g - 2542. Is g a prime number?
False
Let n(i) = 2*i + i + 18 + 4*i**2 + 2 - 402*i**3 - 11*i**2 + i. Is n(-3) prime?
True
Let a = 158855 - 88758. Is a prime?
False
Let i = -289 + 293. Suppose 0 = 2*h + 2*g - 2128, h = 4*h + i*g - 3195. Is h prime?
True
Suppose -62*s = -61*s + 24328. Is s/40*-2*(-20)/(-8) composite?
False
Let g(k) = 10*k**3 - 2*k + 1. Let d be g(1). Suppose 2*j - 1 - d = 0. Suppose j*c = 2*q + 3*c - 1430, -699 = -q + 5*c. Is q a composite number?
False
Let p = -3706 - -17615. Suppose p = q - 2*j + 2326, -2*j = -5*q + 57899. Is q composite?
False
Let z(b) = 29*b**2 - 5*b - 169. Let p be z(15). Let q = 10392 - p. Is q composite?
False
Let h(z) = -z**2 - 34*z - 80. Suppose 5*t - 217 = 12*t. Is h(t) a prime number?
True
Let n(q) = -4*q**3 - 35*q**2 - 37*q + 161. Is n(-22) a composite number?
False
Suppose 2*l + 60 = 7*l. Let u be (-18)/24*l/(-3). Suppose -u*k - 5*k = -18472. Is k composite?
False
Suppose 4046729 - 1036015 = 14*j. Is j a composite number?
False
Let d = 4693 - -2758. Is d a prime number?
True
Let w(l) = 31*l**2 + 45*l + 66. Let u be w(22). Suppose u = 2*p + 2*s - 100, -4*s = -5*p + 40409. Is p composite?
False
Is (44/22)/(6/103186*18/189) composite?
True
Suppose 332408 = 4*d + 3*u, -3*d - 15*u + 249317 = -10*u. Is d a composite number?
True
Suppose 1 - 2 = -z, z + 31 = -4*x. Let f be 31/(-279) + 6333/54 - (-5)/(-30). Let q = x + f. Is q composite?
False
Let p = -48 + 50. Suppose -2008 + 62 = -p*r. Is r a composite number?
True
Suppose o = 3*q - 6, q + 2*q + 5*o - 6 = 0. Let b(y) = 67*y**3 - 2*y - 3*y + 4*y**2 + 20*y**3 + 5. Is b(q) a composite number?
True
Let a = -13042 + 22867. Suppose -a = 11*c - 204844. Is c composite?
False
Let l(j) = 178741*j - 1328. Is l(3) prime?
False
Let d(j) = j**3 - 6*j**2 - 3*j + 3. Let t be d(2). Let v be (6/(-8))/(t/76). Suppose v*i - 297 = -12. Is i prime?
False
Let o be (12/(-9))/(2/(-30)). Let b = o - 15. Suppose 5*m + 0*m = -b*j + 2580, 0 = -m - 2*j + 513. Is m prime?
False
Let u be ((-2)/(-4))/((-12)/144). Let x(k) = 64*k**2 - 8*k + 1. Is x(u) a prime number?
False
Let x = -3463 - -3464. Let g = -2 + 0. Is -2*(0 + x)/g*1847 prime?
True
Let b(n) = -4*n**3 - 18*n**2 + 265*n - 32. Is b(-21) a prime number?
True
Suppose 0 = 4*a - 0*a - 222028. Suppose 27759 = -2*j + 3*w, -4*j + 3*w - a = 8*w. Is j/(-22) - ((-31)/(-11) - 3) a prime number?
True
Let v(r) = r**3 + 2*r + 222. Let i be v(0). Is ((-299)/(-39))/(2/i) composite?
True
Let c(p) = 7 - 8*p - 34 - 84*p. Suppose -6*v + 5*u - 54 = -4*v, -5*u = -v - 37. Is c(v) a prime number?
False
Suppose -2*t = 3*t - 10. Suppose t = -4*w + 14. Suppose -2*j = -3*j + 3*x + 1123, w*j - 5*x = 3361. Is j a prime number?
True
Let b(j) = 523*j + 38. Let a(q) = -262*q - 19. Let z(l) = -5*a(l) - 3*b(l). Suppose 0 = -6*k - 83 - 1. Is z(k) prime?
True
Let t(j) = 6*j**3 + 113*j**2 + 12*j + 42. Is t(-17) a prime number?
False
Let i(a) = -13*a + 6. Let p be i(-3). Suppose 4*h = -5*h + p. Suppose 0 = 3*v + 16 - 7, -4*o = -h*v - 1603. Is o prime?
True
Let t(c) = c. Let r(d) = 23*d + 23. Let o(k) = -r(k) - 5*t(k). Let h be o(-10). Is (9 + (3 - 7))/(1/h) composite?
True
Let w be (3535 + 0 + 4)/(2/4). Let c = 10893 - w. Suppose -3*q = 2*q - c. Is q a composite number?
True
Suppose 5*g - 67279 - 17361 = 0. Let p = g + 309. Is p a prime number?
False
Suppose 6*h - 32668 = -5374. Suppose 2*i + 1148 = t - h, 5*i + t + 14246 = 0. Let z = i - -4075. Is z a composite number?
True
Is 0 - -63648 - 0 - (17 - 6) a prime number?
False
Let s(n) = -8*n - 3. Let k be s(-4). Let c be 11410/56 + 3/(-4). Suppose c - k = 2*t. Is t a prime number?
False
Let g(i) = 26*i**2 + 18*i - 33. Let m be (-14 + (-4 - -5))*-1. Is g(m) composite?
True
Suppose -v + 43 = 4*h, -10*h + 17 = -8*h + 5*v. Suppose -i - 2*r = -4*r - h, 4*r = -20. Is i + 1074/2 + 6/2 composite?
False
Let q = -11360 + 19665. Let o = -158 + q. Is o a composite number?
False
Suppose 4*m = 8*m + 8. Let o be -600 - -2*m/